{"id":238,"date":"2021-08-04T20:50:41","date_gmt":"2021-08-04T23:50:41","guid":{"rendered":"http:\/\/arcagoias.org.br\/?page_id=238"},"modified":"2021-08-22T08:57:01","modified_gmt":"2021-08-22T11:57:01","slug":"especializacao","status":"publish","type":"page","link":"https:\/\/arcagoias.org.br\/index.php\/especializacao\/","title":{"rendered":"Especializa\u00e7\u00e3o"},"content":{"rendered":"<p>[vc_row css=&#8221;.vc_custom_1628976928802{margin-top: 25px !important;padding-top: 15px !important;padding-right: 25px !important;padding-bottom: 15px !important;padding-left: 25px !important;}&#8221;][vc_column width=&#8221;2\/3&#8243; css=&#8221;.vc_custom_1628976825402{margin-top: 25px !important;}&#8221;][vc_column_text]<\/p>\n<p style=\"text-align:justify;\">Em Setembro come\u00e7ar\u00e3o as aulas da 8\u00aa turma do Curso de Especializa\u00e7\u00e3o em Planejamento Urbano e Ambiental da ARCA. Dessa vez o curso ser\u00e1 integralmente online e usar\u00e1 como laborat\u00f3rio a revis\u00e3o do Plano Diretor de Itumbiara\/GO.<\/p>\n<p>[\/vc_column_text][vc_column_text]<\/p>\n<p style=\"text-align:justify;\">O curso forma planejadores urbanos para as cidades a partir de uma estrutura did\u00e1tica multidisciplinar que inclui conhecimentos de urbanismo, meio ambiente, direito, geografia, antropologia urbana, metodologia cient\u00edfica, estat\u00edstica e gest\u00e3o p\u00fablica. Como o trabalho de planejamento \u00e9 multidisciplinar, todas as gradua\u00e7\u00f5es ser\u00e3o aceitas como pr\u00e9-requisito para o curso. Para participar, inscreva-se no link abaixo e confira o pdf do plano do curso. Investimento: R$ 9.960,00 divididos em 12x de R$ 830,00.<\/p>\n<p>[\/vc_column_text][\/vc_column][vc_column width=&#8221;1\/3&#8243;][vc_column_text]<\/p>\n<p style=\"text-align: justify;\"><strong>Parceiro: UNA.<\/strong><\/p>\n<p>[\/vc_column_text][vc_single_image image=&#8221;548&#8243; img_size=&#8221;medium&#8221; css=&#8221;.vc_custom_1628976952225{padding-right: 25px !important;padding-left: 25px !important;}&#8221;][\/vc_column][\/vc_row][vc_row css=&#8221;.vc_custom_1628977129996{padding-top: 10px !important;}&#8221;][vc_column width=&#8221;1\/3&#8243;][vc_column_text]<\/p>\n<h4>\n<b>\u25ba MAIS INFORMA\u00c7\u00d5ES:<\/b><\/h4>\n<p>[\/vc_column_text][vc_column_text]<a href=\"https:\/\/arcagoias.org.br\/wp-content\/uploads\/2021\/08\/Plano-de-curso-2021.pdf\" target=\"_blank\" rel=\"noopener\"><br \/>\n<b style=\"color: #3d3d3d;\">&nbsp; &nbsp; &nbsp; &nbsp;\u2022 Plano do curso<\/b><\/a><br \/>\n<a href=\"https:\/\/api.whatsapp.com\/send\/?phone=%2B5562992977055&amp;text&amp;app_absent=0\" target=\"_blank\" rel=\"noopener\"><br \/>\n<b style=\"color: #3d3d3d;\">&nbsp; &nbsp; &nbsp; &nbsp;\u2022 62 9 9297 7055 (Whatsapp)<\/b><\/a><br \/>\n<a href=\"mailto:cursos@arcagoias.org.br\"><br \/>\n<b style=\"color: #3d3d3d;\">&nbsp; &nbsp; &nbsp; &nbsp;\u2022 arcagoias@gmail.com<\/b><\/a>[\/vc_column_text][\/vc_column][vc_column width=&#8221;1\/3&#8243;][vc_column_text]<\/p>\n<h3 style=\"text-align: center; color:red\">\n   <a href=\"https:\/\/docs.google.com\/forms\/d\/e\/1FAIpQLSfeQwCY0kE2H5z-BpM3eHUGcH-wf_KqQtt-YXFcCq70JTK6Ag\/viewform\" target=\"_blank\" rel=\"noopener\"><br \/>\n<b>FA\u00c7A SUA<\/b><\/h3>\n<h2 style=\"text-align: center; color:red\">\n    <b>INSCRI\u00c7\u00c3O!<\/b><\/h2>\n<p><\/a>[\/vc_column_text][\/vc_column][vc_column width=&#8221;1\/3&#8243;][\/vc_column][\/vc_row][vc_row css=&#8221;.vc_custom_1628976994393{padding-top: 20px !important;padding-bottom: 20px !important;}&#8221;][vc_column][vc_separator color=&#8221;chino&#8221; style=&#8221;double&#8221; el_width=&#8221;30&#8243;][vc_custom_heading text=&#8221;<\/p>\n<h5 style=``text-align: center``>Turma do S\u00e9timo Curso de<\/h5>\n<h2 style=``text-align: center``><b>Especializa\u00e7\u00e3o em Planejamento Urbano e Ambiental. <\/b><\/h2>\n<h5 style=``text-align: center``>Em Rio Verde\/GO 2018.<\/h5>\n<p>&#8221; font_container=&#8221;tag:h2|text_align:center&#8221;][\/vc_column][\/vc_row][vc_row full_width=&#8221;stretch_row&#8221; equal_height=&#8221;yes&#8221; content_placement=&#8221;middle&#8221; css=&#8221;.vc_custom_1628370519569{padding-top: 200px !important;padding-bottom: 200px !important;background-image: url(https:\/\/arcagoias.org.br\/wp-content\/uploads\/2021\/08\/curso1.jpg?id=423) !important;background-position: center !important;background-repeat: no-repeat !important;background-size: cover !important;}&#8221;][vc_column width=&#8221;1\/4&#8243; css=&#8221;.vc_custom_1628527242773{padding-top: 50px !important;}&#8221;][\/vc_column][\/vc_row][vc_row][vc_column][vc_column_text]<\/p>\n<p style=\"text-align: center; color: #3d3d3d;\"><strong>Legenda<\/strong>: Turma do S\u00e9timo Curso de Especializa\u00e7\u00e3o em Planejamento Urbano e Ambiental. Em Rio Verde\/GO 2018.<\/p>\n<p>[\/vc_column_text][\/vc_column][\/vc_row][vc_row][vc_column][vc_separator color=&#8221;chino&#8221; style=&#8221;double&#8221; el_width=&#8221;20&#8243;][\/vc_column][\/vc_row][vc_row full_width=&#8221;stretch_row_content_no_spaces&#8221;][vc_column][vc_masonry_media_grid style=&#8221;lazy&#8221; items_per_page=&#8221;6&#8243; element_width=&#8221;3&#8243; grid_id=&#8221;vc_gid:1629633087806-9f6f4679-d77f-0&#8243; include=&#8221;593,594,595,596,597,598,599,600,601,602,603,604&#8243;][vc_column_text]<\/p>\n<p style=\"text-align: center; color: #3d3d3d;\"><strong>Legenda<\/strong>: Turma do S\u00e9timo Curso de Especializa\u00e7\u00e3o em Planejamento Urbano e Ambiental. Em Rio Verde\/GO 2018.<\/p>\n<p>[\/vc_column_text][\/vc_column][\/vc_row]<\/p>\n","protected":false},"excerpt":{"rendered":"<p>[vc_row css=&#8221;.vc_custom_1628976928802{margin-top: 25px !important;padding-top: 15px !important;padding-right: 25px !important;padding-bottom: 15px !important;padding-left: 25px !important;}&#8221;][vc_column width=&#8221;2\/3&#8243; css=&#8221;.vc_custom_1628976825402{margin-top: 25px !important;}&#8221;][vc_column_text] Em Setembro come\u00e7ar\u00e3o as aulas da 8\u00aa turma do Curso<span class=\"excerpt-hellip\"> [\u2026]<\/span><\/p>\n","protected":false},"author":1,"featured_media":0,"parent":0,"menu_order":0,"comment_status":"closed","ping_status":"closed","template":"","meta":{"_monsterinsights_skip_tracking":false,"_monsterinsights_sitenote_active":false,"_monsterinsights_sitenote_note":"","_monsterinsights_sitenote_category":0},"_links":{"self":[{"href":"https:\/\/arcagoias.org.br\/index.php\/wp-json\/wp\/v2\/pages\/238"}],"collection":[{"href":"https:\/\/arcagoias.org.br\/index.php\/wp-json\/wp\/v2\/pages"}],"about":[{"href":"https:\/\/arcagoias.org.br\/index.php\/wp-json\/wp\/v2\/types\/page"}],"author":[{"embeddable":true,"href":"https:\/\/arcagoias.org.br\/index.php\/wp-json\/wp\/v2\/users\/1"}],"replies":[{"embeddable":true,"href":"https:\/\/arcagoias.org.br\/index.php\/wp-json\/wp\/v2\/comments?post=238"}],"version-history":[{"count":36,"href":"https:\/\/arcagoias.org.br\/index.php\/wp-json\/wp\/v2\/pages\/238\/revisions"}],"predecessor-version":[{"id":608,"href":"https:\/\/arcagoias.org.br\/index.php\/wp-json\/wp\/v2\/pages\/238\/revisions\/608"}],"wp:attachment":[{"href":"https:\/\/arcagoias.org.br\/index.php\/wp-json\/wp\/v2\/media?parent=238"}],"curies":[{"name":"wp","href":"https:\/\/api.w.org\/{rel}","templated":true}]}}